pose g*q + 32 = 2*q. What is r(q)?
-4
Suppose -91*b = -95*b. Let p(z) = z**3 + z**2 - 13. Determine p(b).
-13
Let i(f) = -f. Suppose -4*z = 5*s + 89, 6*z = 3*s + 3*z + 75. Let d be -1 - -3 - s/7. Give i(d).
-5
Let q = -112 + 2. Let f be (-2)/9 + q/(-90). Let l(b) = -b**3 + 7*b**2 - 4*b - 13*b**2 - f - 2*b. Determine l(-4).
-9
Let g(s) = -3*s - 6. Let k be -5 + 5 + 12/2. Suppose 0 = -k*a + 2*a. Suppose a = -3*z - 14 - 1. Give g(z).
9
Let j(r) = 7*r**2 - 10*r + 14. Let u(l) = 11*l**2 - 15*l + 21. Let o(s) = -8*j(s) + 5*u(s). Let m be 55/(-275)*175/(-5). What is o(m)?
-21
Let m(f) = f**3 + 6*f**2 - 6*f + 4. Let r(v) = -v - 6. Let j be r(-11). Suppose 5*k = -3*b - 26, -5*b = -4*b - 2*k + j. Determine m(b).
-3
Let x be 0 + -3*(40/12)/(-2). Suppose 2*g = 4*w - 8, -13 = -x*w + g + 3. Let i(b) = 2*b - 3. What is i(w)?
5
Let v(i) = 2*i**3 - 2*i**2 - 7*i - 1. Let r(f) = -3*f**3 + f**2 + 8*f. Let g(a) = -3*r(a) - 4*v(a). What is g(-4)?
4
Let o(j) = j**3 - 8*j**2 + 5*j + 9. Suppose 3*v - 5*s = 11, -3*s = 3*v - 33 + 6. Calculate o(v).
-5
Let v(o) be the second derivative of -o**4/12 + 2*o**3/3 + 2*o**2 - 30*o. Let y(k) = k**2 - k - 8. Let q be y(4). Determine v(q).
4
Let l(q) = -q + 2. Let w(f) = -1. Let a(p) = -l(p) + 4*w(p). Let m = -3298 + 3306. Calculate a(m).
2
Let l(t) be the third derivative of -7*t**6/720 + t**5/120 + 13*t**4/24 - 14*t**2. Let r(d) be the second derivative of l(d). Give r(-1).
8
Let l(o) = -2*o**3 + 12*o**2 + o + 36. Let j(d) = -d**3 + 7*d**2 + 19. Let h(v) = 11*j(v) - 6*l(v). Suppose 4*m - 4 = -k + 2, -4*k - 5*m - 9 = 0. What is h(k)?
-7
Suppose 139 = 10*q + 99. Let w(d) = -2*d + 5. Determine w(q).
-3
Let p(s) = s**3 - 5*s**2 + 2*s - 4. Let h be p(5). Suppose y = 4*y - h. Let m(v) = 2*v**2 + v**3 + 2*v - 3*v**2 + 1 - 2*v**2. What is m(y)?
1
Let p(u) be the second derivative of 5*u**3/6 + 3*u**2/2 + 19*u + 2. Determine p(3).
18
Suppose 33*i = 65*i - 160. Let f(o) = -o**3 - o**2 + o. Let u(r) = -3*r**3 - 9*r**2 + 5*r - 5. Let s(d) = 4*f(d) - u(d). Calculate s(i).
0
Suppose -3*s - 109 = 62. Let d = s - -51. Let w(p) = -p**2 - 8*p + 4. Give w(d).
16
Let c = 264 + -259. Let b(g) = g**2 - 8*g + 4. What is b(c)?
-11
Let r be 187/22 + (-2)/(-4). Suppose 14*y = r*y + 25. Let l(c) = c**3 - 5*c**2 + 2*c. Calculate l(y).
10
Let u(j) = -3*j. Let v(l) = -2*l. Let b(w) = -5*u(w) + 6*v(w). Suppose -2*s + 13 = 5*t + 3, -2*t + 4 = s. Suppose 0 = 4*x - s*x + 16. Calculate b(x).
-12
Suppose 0 = -9*l + 4*l + 10. Let i(p) = 74*p + 3. Let a be i(0). Let d(q) = 0*q**2 + 1 - 4*q**2 - 2*q**3 + 5*q**l - a*q**2. Give d(1).
-3
Let w(d) = -2*d**2 + 7*d + 6. Let g be w(4). Suppose 0 = -9*n + 10*n + 3*h + 27, -3*n = -g*h + 26. Let o(b) = -b - 7. Calculate o(n).
5
Let l(y) = y**2 - 4. Let g be l(-3). Suppose -g*z - 16 = -z, -2*z - 6 = t. Let n(x) = t*x + 0*x**2 - 8*x**2 - 4*x**2 + 1 + 11*x**2. What is n(-1)?
-2
Let m(l) be the third derivative of l**6/60 + l**5/15 + l**4/12 + 25*l**2. Let o = 75 - 77. Determine m(o).
-4
Let p(s) = -2*s**2 + 1. Let z(h) = -13*h**2 + 4. Let d(f) = 12*p(f) - 3*z(f). Calculate d(-1).
15
Let i(c) = 7*c**2 + 8*c + c**2 + 7*c**2 - 3 - 16*c**2. Let n be (3/4)/(4/32). What is i(n)?
9
Let c = 4 - -1. Let p(m) be the third derivative of -1/3*m**4 + 27*m**2 + 7/6*m**3 + 0*m + 0 + 1/60*m**5. Calculate p(c).
-8
Let o = -34 - -42. Suppose -10*f = -o*f. Suppose f - 12 = -3*s. Let k(n) = -n + 3. Determine k(s).
-1
Let d(t) be the third derivative of t**5/60 - 7*t**4/24 + 2*t**3/3 + t**2 - 54*t. Let q be (-16)/6*27/(-12). Give d(q).
-2
Let n(s) be the first derivative of -s**4/24 + 5*s**3/6 + 21*s**2/2 + 6. Let a(o) be the second derivative of n(o). Calculate a(3).
2
Suppose v + 10 = 8. Let n(w) = 3*w**2 + 2*w - 2. Determine n(v).
6
Let x be (-4)/6*(10 + 2). Let n = -90 + 102. Let g = n + x. Let p(c) = -3*c + 5. What is p(g)?
-7
Suppose -11 = 57*q - 46*q. Let t(s) = -17*s. What is t(q)?
17
Let b(c) = 16*c + 34. Let v(y) = -6*y - 15. Let r(g) = -2*b(g) - 5*v(g). Let o = 7 - 1. Determine r(o).
-5
Let i(v) be the second derivative of v**5/4 - v**4/12 - v**3/6 - v**2/2 + 640*v. Let y be 3*(14/(-6) + 2). Calculate i(y).
-6
Let o(q) = 188*q**2 - 1 - 369*q**2 + 198*q**2 - 2*q. Determine o(-1).
18
Let y(i) = i + 4. Let l(s) = 5*s + 16. Let b(m) = -2*l(m) + 9*y(m). Suppose -145 = -5*g - 55. Suppose -5*c = -p - g, 3*c + 0*p + p - 6 = 0. Give b(c).
1
Let d(n) = 38*n**3 + 21*n**2 + 7*n + 14. Let l(p) = 21*p**3 + 11*p**2 + 4*p + 8. Let q(a) = 5*d(a) - 9*l(a). Determine q(-6).
4
Let w be (-4)/(-14) + 108/14. Let a(q) = -3*q + 12. Let g(r) = 3 + 66 - 8 - 16*r. Let b(n) = -11*a(n) + 2*g(n). What is b(w)?
-2
Let l(m) = -6*m. Suppose 2*r = 5*p + 6, 4*r + 0*r + 2*p = -36. Let q be r + 3 - -13 - 3. Suppose w + o + 1 = -1, 5*o = 3*w + q. Give l(w).
12
Suppose -4 = k + 3*y - 2, -5*k + 50 = -5*y. Let x(j) = 0*j**2 - k*j + 1 + 10*j - 3*j**2. Let n(q) = 3*q**2 - 4*q - 1. Let o(v) = 5*n(v) + 6*x(v). What is o(1)?
-4
Let d = -2 + 5. Let l(z) = -3*z + 7. Let m(p) be the third derivative of 5*p**4/24 - 13*p**3/6 + p**2. Let g(r) = 7*l(r) + 4*m(r). Give g(d).
-6
Suppose 2*a - a - 14 = -2*y, y - 5*a - 18 = 0. Suppose y - 11 = -z. Let i(w) = 4*w + 6 - 6*w + z*w. What is i(-6)?
0
Let w(p) = p**3 + p**2 - p + 9. Suppose 0 = -4*h + 4*s + 40, 3*h + 2*s - 5 = 20. Let z be -1 + h/7 + 30/(-105). Determine w(z).
9
Let c(m) = -5*m - 7. Let y(k) = 9*k + 7. Let v(o) = -3*c(o) - 2*y(o). Calculate v(-5).
22
Let o(h) = h - 1. Let l(r) = -10*r - 6. Let s be l(-3). Let y = -22 + s. Determine o(y).
1
Let x(n) = 3*n**2 + 3*n + 3. Let o(h) = -7*h - 1. Let q be o(-3). Suppose 0 = 8*y + 2*y + q. Give x(y).
9
Let m(q) be the second derivative of 7*q**4/12 + 5*q**3/3 + 15*q**2/2 - 27*q. Let b(a) = 4*a**2 + 5*a + 8. Let v(z) = 11*b(z) - 6*m(z). Determine v(4).
10
Let u(x) = 2*x**2 + 6*x + 1. Let m be u(-2). Let f = 2 - -3. Let s(i) = -f*i + 3*i - i - 4. What is s(m)?
5
Let i(d) = -d**3 - 227*d + 10*d**2 + 222*d - 1 - 8 + 0*d**3. What is i(9)?
27
Let q(f) = 33*f + 7. Let n(v) = 49*v + 10. Let b(x) = -5*n(x) + 7*q(x). What is b(2)?
-29
Let t(s) = s**3 + 4*s**2 - 6*s - 7. Let p(n) = -n**3 - 3*n**2 - 5. Let z be p(-3). What is t(z)?
-2
Let f(n) = 4*n - 2. Let x(j) = j**3 - 4*j**2 + 5*j - 4. Let k = -2 + 5. Let y be x(k). Give f(y).
6
Let g = 57 + -51. Let d(y) = 4*y - g*y + y**3 - 4*y**2 - 15 + 9. What is d(5)?
9
Let w be 12/18 - (-32)/6. Suppose 3*p = 2*u - w, 10 = -6*p + p - 2*u. Let g(j) = -4*j - 2. What is g(p)?
6
Let l(y) = -5*y**2 - 1. Let b = 108 - 67. Let f = 42 - b. What is l(f)?
-6
Let o(h) = 5*h - 449 + 220 + 224 + h**2. Determine o(-6).
1
Let l = 1588 + -1592. Let k(x) = x**2 + 12*x + 29. Give k(l).
-3
Let c(r) = r**2 + 2*r - 11. Let u = -45 - -40. Determine c(u).
4
Let h be 25 - -6*2/4. Suppose 4*t + 16 = 0, 2*m - t - h = 3*t. Let w(q) = -m + 6 - 6*q**2 + 2*q**2. Determine w(1).
-4
Let d(i) = -i + 7. Let b = 58 - 52. What is d(b)?
1
Let h(x) = -1 + 7*x**2 - 983*x**3 + 2*x + 6 + 984*x**3. Calculate h(-7).
-9
Suppose 22*n - 44 = 66. Let a(c) be the first derivative of c**3/3 - 5*c**2/2 - 1. Give a(n).
0
Let k be 3 + (0 - 0) + 28. Let w(c) = k + 3*c**2 - 4*c**2 + 5*c - 36. What is w(5)?
-5
Let j(x) = -6*x**2 + x. Suppose 4*q + 5 = 13. Suppose 0*w - q*n = w - 3, 4*n - 16 = -4*w. Suppose -2*p = 3*r - 4 + 3, 5*p = -w. Calculate j(r).
-5
Let b(y) = 15*y + 92. Let f be b(-6). Let g(a) = -a**2 + 3*a. Give g(f).
2
Suppose -21*f - 97 = -13. Let q(j) = -7*j. Determine q(f).
28
Suppose g + 0*g = 1. Let i(r) = 15*r + 16. Let q(h) = 8*h + 9. Let j(w) = -4*i(w) + 7*q(w). Calculate j(g).
-5
Let u(l) = -l - 4. Let w be u(-5). Let v(j) = 4*j - 7*j**2 - w + 4*j + j**3 - 2*j. Let t = -346 - -352. Determine v(t).
-1
Let f(s) = 35*s - 1. Let y be 13/(-39)*6*(-2)/4. Calculate f(y).
34
Let b(s) = 2*s**3 + s. Suppose -10*z + 4 = -14*z. Let i be b(z). Let y(x) = -21 + 0*x - x + 17. Calculate y(i).
-1
Let g(f) = 3 + 3 + 1 + 0 - 5 - 2*f**2. Calculate g(-2).
-6
Let a(u) = 8*u - 178. Let d be a(23). Let t(v) = -v**2 + 9*v - 8. Determine t(d).
10
Let w(c) = -9*c**2 + 10*c. Let b(k) = -5*k**2 + 5*k + 1. Let z(h) = 7*b(h) - 4*w(h). What is z(2)?
1
Let j be 0/(1*(3 - 4)). Let t(l) = -5*l**2 + 6*l - 17. Let d(o) = o**2 - o + 1. Let v(r) = 6*d(r) + t(r). Give v(j).
-11
Let l(j) = -11*j + 6 + 3*j**2 + 6*j**2 - 20*j**2 + j**2 